 25 = 7. Suppose 4*z = z - 3*o - 51, -2*z = 4*o + 42. Let k = f - z. List the prime factors of k.
5
Suppose -2*m + 5*m = 4*q - 152, -4*q + 4*m + 148 = 0. Let w = q + 3. List the prime factors of w.
2, 11
Let r(o) = 5*o**2 - o. Let n be r(1). Suppose 5*m - n*m = 3. Suppose -5*f - 3 = 4*h - 10, 0 = -3*f + m*h + 15. List the prime factors of f.
3
Suppose -v + 4*v = -87. Let c = v + 21. What are the prime factors of (-6)/(-4)*c/(-3)?
2
Let h(z) = z**2 - 7*z + 2. Let q be h(7). What are the prime factors of 80/36 + q/(-9)?
2
Suppose 3*t = -1 + 19. Suppose -6 - t = -2*b. Suppose 0 = -j - b + 13. What are the prime factors of j?
7
Let h = -28 + 49. Let o = h + -10. What are the prime factors of o?
11
Let p = -45 - -87. Suppose -l = -3*l + p. List the prime factors of l.
3, 7
Let z(f) = -90*f - 18. What are the prime factors of z(-2)?
2, 3
Let b = 14 + -7. What are the prime factors of b?
7
Let x(f) = 4*f**2 - 15*f - 10. Let k(a) = 0*a**2 + a**2 + 0*a + 0*a - a. Let r(o) = -5*k(o) + x(o). List the prime factors of r(-7).
11
Let u(v) = -2*v. Let c be u(-4). Let j = -5 + c. List the prime factors of j.
3
Suppose 1 + 2 = m. Suppose -5 = y, 2*l + l = 2*y + 7. What are the prime factors of (-1)/(m/6*l)?
2
Suppose 6*q - 8*q + 204 = 0. What are the prime factors of q?
2, 3, 17
Suppose -339 = 3*j - 6*j. List the prime factors of j.
113
Suppose -43 = 13*w - 2409. What are the prime factors of w?
2, 7, 13
What are the prime factors of ((-28)/42)/(0 - 4/174)?
29
Let o(q) = 5*q**2 - q - 4. Let b be o(4). What are the prime factors of (-6)/15 + b/5?
2, 7
Suppose 0 = 2*n - 5*a - 54, 2*n = 7*n - 2*a - 114. What are the prime factors of n?
2, 11
Let m = 0 - -3. Let c be (-40)/(-6) - m/(-9). Let y(l) = -l**3 + 7*l**2 + l + 2. What are the prime factors of y(c)?
3
Suppose 142 = -12*d + 490. List the prime factors of d.
29
Let z = 23 - -12. List the prime factors of z.
5, 7
Suppose -17*x + 4588 = 15. What are the prime factors of x?
269
Let v = -24 - -34. List the prime factors of v*6/(-9)*-3.
2, 5
What are the prime factors of ((-1024)/40)/(2/(-10))?
2
Let r = -1 + 4. Let y be (4/10)/(r/240). Suppose 5*j - y - 13 = 0. List the prime factors of j.
3
Let s = -7 - -7. Suppose -y + s = -1, y - 37 = -2*l. What are the prime factors of l?
2, 3
Let z(t) = -3*t - 8. Let v(b) = b**2 - 5*b. Let o be v(5). Let n be -7 + (o + 1)*1. List the prime factors of z(n).
2, 5
Let x be 12/18 + (-4)/(-3). What are the prime factors of 3*(x + -2 + 4)?
2, 3
Let p = -47 + 72. Suppose 69 = -5*h + 4. Let u = p + h. List the prime factors of u.
2, 3
Let k(d) = -18*d**3 + d**2 - 1. What are the prime factors of k(-1)?
2, 3
Suppose -d - 32 - 12 = 0. List the prime factors of (1 - (d - -3)) + -3.
3, 13
Let l = -13 + 18. Suppose -l*c = -2 - 3. What are the prime factors of (-40)/(-12) + c/(-3)?
3
Let w = 58 - 81. Let b be (-2)/(-4)*82 - 2. Let y = b + w. What are the prime factors of y?
2
Suppose 5*w + r - 16 - 1 = 0, w - 13 = 3*r. Suppose -24 = -w*f + 2*f. What are the prime factors of f?
2, 3
Let c = -3 + 2. Let k = 2 + c. List the prime factors of (-14)/k*(-6)/7.
2, 3
Let s = 31 - 4. Suppose 2*d + s = c, 2*c - c - d - 28 = 0. List the prime factors of c.
29
Suppose -5*y - 5*m + 563 = 63, 5*y - 492 = 3*m. Suppose -54 = -f + 5*l, 0*l = -2*f + l + y. List the prime factors of f.
7
What are the prime factors of (-2 - (-6)/4)*-94?
47
Let s = 15 - 16. Let u = 23 + s. List the prime factors of u.
2, 11
Suppose -2*y - 3 - 9 = 0. Let m(s) = -s - 2. Let d(i) = -3*i - 7. Let t(z) = -6*d(z) + 17*m(z). What are the prime factors of t(y)?
2
Let u be ((-3)/1 + 1)/(-1). Suppose -u*f - 11 = 2*t - 25, -2*f - t = -18. What are the prime factors of f?
11
List the prime factors of 76/5*110/11.
2, 19
Suppose -4*l + 9 = -3. Suppose -l*g - b = 1, -3*b + 14 = -1. What are the prime factors of (-1 - g/4)*-22?
11
Suppose i - 3 = -2, 276 = 5*p - 4*i. What are the prime factors of p?
2, 7
Let c(w) = -w**3 + 14*w**2 + 14*w + 32. What are the prime factors of c(13)?
383
Suppose -3*f - 5*d = -0*d - 37, 26 = 2*f + 4*d. What are the prime factors of f?
3
Let f(i) be the third derivative of -i**6/240 + i**4/8 + 3*i**2. Let g(m) be the second derivative of f(m). What are the prime factors of g(-1)?
3
Let f be (-14)/1 + 0 + -1. Let y(j) = j. Let o be y(-2). List the prime factors of (-190)/f + o/3.
2, 3
Let v(j) = 2*j**2 - 17*j - 7. What are the prime factors of v(10)?
23
Let c(h) = h**2 - 1. Let b(d) = -3*d**2 - 8*d - 2. Let w(n) = b(n) + 4*c(n). List the prime factors of w(10).
2, 7
Suppose 5*j - y = 6, -5*j - y - 4 = -8. Let g(t) = 2*t**2 + 3*t + 2. Let f be g(-2). Suppose f*d - 15 = j. List the prime factors of d.
2
Let m be (-158)/(-22) - (-6)/(-33). Let f(p) = m + p**2 + 4 - 3. List the prime factors of f(0).
2
Suppose 2*z + 4*u - 119 + 9 = 0, 5*z - 263 = 2*u. What are the prime factors of z?
53
Let a be (1/(1/4))/2. Suppose -66 = -4*t + a*t. List the prime factors of t.
3, 11
Suppose 0*c + 4*c = -2*o - 236, 0 = -o. Let i = c + 82. What are the prime factors of i?
23
Let p(a) = -a**3 - 4*a**2 + 3*a + 5. Let q be p(-4). Let t = 15 + q. List the prime factors of t.
2
Suppose -11*t = -8*t - 156. What are the prime factors of t?
2, 13
Let x(z) = -38*z - 1. Let w = -10 - -7. Let r be x(w). Suppose -5*c = 18 - r. What are the prime factors of c?
19
Suppose 3 = 2*f - 35. List the prime factors of f.
19
Let g be (-8)/6*(-6)/4. Suppose -4*y = -n + 2*n - 82, g*n = -5*y + 101. What are the prime factors of y?
3, 7
Let z(k) = -k**2 + 5*k + 5. Let a be z(5). Suppose 0 = 2*j - 3*o - 94, 226 = a*j + o - 4*o. Suppose -4*h + j = -0*h. List the prime factors of h.
11
Let n(h) = h**3 + 6*h**2 + 2*h. What are the prime factors of n(-5)?
3, 5
Let h(z) = -3*z - 4. Let l = -15 - -11. What are the prime factors of h(l)?
2
Suppose -t - 1 = -5. Suppose -2 = -t*d + 10. Suppose 51 = 5*y + 5*r - 4, -d*y = r - 29. What are the prime factors of y?
3
Let h = 16 + -14. Suppose 3*b - 87 = -5*z, -3*b + 57 = h*z - 21. List the prime factors of b.
2, 3
Let k = 8 + -8. Suppose m + k - 14 = 0. List the prime factors of m.
2, 7
Suppose l - 39 = 80. What are the prime factors of l?
7, 17
Let n(s) be the third derivative of -s**6/120 - s**5/30 + s**4/24 - 2*s**3/3 + s**2. Let v be n(-3). List the prime factors of (v/(-1))/(2/(-4)).
2
Let n = -11 + 77. What are the prime factors of n?
2, 3, 11
Suppose -2*y = -3*y + 3*j + 16, 0 = -4*y + j + 20. Let r be y/(-10) + (-7)/(-5). Let z = r - -8. List the prime factors of z.
3
Suppose 4*a - 12 = 4. List the prime factors of 602/21 + a/(-6).
2, 7
Let l(k) = k**3 - 9*k**2 + 8*k + 4. Let j be l(8). Suppose -f = -2, 3*f + 51 = -z + j*z. What are the prime factors of z?
19
Let d = -27 + 57. List the prime factors of d.
2, 3, 5
Let f(z) = 3*z**3 + 4*z**2 - 6*z + 1. Let g be f(4). Suppose 5*i - g - 282 = 0. Suppose -5*w + w - 4*b = -76, 0 = 5*w + b - i. List the prime factors of w.
3, 7
Let k = 103 - 6. List the prime factors of k.
97
Let m = -58 - -367. What are the prime factors of m?
3, 103
What are the prime factors of (-24)/(-2)*(-29)/(-3)?
2, 29
Let c(r) = r**3 + 5*r**2 + 2*r - 3. Let k be c(-4). Suppose 3*f + 16 = k*f. What are the prime factors of f?
2
Let x(y) = y**2 - 16. What are the prime factors of x(11)?
3, 5, 7
Let q = -60 - -147. What are the prime factors of q?
3, 29
List the prime factors of 3/(18/(-4))*-1*129.
2, 43
Let p(j) = 2*j**2 - j - 1. Let c = 14 - 16. List the prime factors of p(c).
3
Suppose -2*f + k + 12 = 3*k, -2*k - 4 = -2*f. Suppose -3*g - 2*y = y - 21, -5*y = -g - 5. Suppose -g = -f*q + 3. What are the prime factors of q?
2
Let c(t) = t - 1. Let h be c(3). Let a(v) = 3*v**h - v**3 - 7*v + 0*v**3 + 1 + 6*v**2. What are the prime factors of a(8)?
3
Let b(a) = -6*a**3 + a**2 - 1. Let h be b(-1). Let i be h/(-27) + (-230)/18. Let c = -7 - i. List the prime factors of c.
2, 3
Suppose -3*q - 180 = 2*q. Let v = q - -63. List the prime factors of v.
3
Let u be 3/(-9) - (-1745)/15. Suppose u = -2*n + 6*n. List the prime factors of n.
29
What are the prime factors of 434/3 - 16/24?
2, 3
Let v be -2*6/16*12. Let q = 46 - v. Let p = -39 + q. What are the prime factors of p?
2
Suppose 2*i + 4*o + 22 = 0, 3*i + 3*o - 3 = -42. Let r = 0 - i. Suppose 0 = -2*a - a + r. What are the prime factors of a?
5
Suppose 4*